w = b + 261. What is the hundreds digit of w?
1
Suppose 38*p - 17*p = -14*p + 744555. What is the tens digit of p?
7
Suppose -17*v = -21*v + 36. Suppose v - 12 = -g. Suppose -g*o = 2*o - 340. What is the tens digit of o?
6
Let u(w) = 2*w**3 + 8*w**2 + 8*w + 26. Suppose -16*z = -11*z + 40. Let m be u(z). What is the tens digit of (3 - m/(-8))*-4?
6
Let k = 6303 + -1862. What is the tens digit of k?
4
Let l(n) = -6 - 1 + 3*n + 1 - 54*n**3 + 52*n**3 + 9. Let m(v) = 5*v + 1. Let r be m(-1). What is the hundreds digit of l(r)?
1
Let x(n) = -5*n**3 + 42*n**2 - 14*n - 14. Let p be x(8). Suppose 0 = c + g - 646, -2582 = -6*c + p*c - 2*g. What is the tens digit of c?
4
What is the tens digit of ((-388)/(-3))/((-7)/1617*-7)?
6
Let h(w) = -w**2 + 20*w + 14. Let m be -9*(4 + 13/(-3)). Suppose -2*i - m*i = -85. What is the units digit of h(i)?
5
Let m = 1507 - -2285. What is the hundreds digit of m?
7
Suppose 3*y = 5*p - 52 + 348, -5*y + 2*p = -468. What is the hundreds digit of y/782 - (-5625)/17?
3
Let n be 25/5 - (2 - (-1)/(-1)). Suppose -4915 = 4*v - 9*v + 4*l, 4*v + n*l = 3932. What is the hundreds digit of v?
9
Let u = 431 + -248. Let t = -92 + u. What is the tens digit of t?
9
Suppose -44*f + 114*f - 53*f - 321470 = 0. What is the hundreds digit of f?
9
Let h = -61231 + 106455. What is the ten thousands digit of h?
4
Suppose 14418 - 195220 = -11*d + 140948. What is the ten thousands digit of d?
2
Suppose 53245 + 643178 = -38*h + 59*h. What is the hundreds digit of h?
1
Let q = 104 - -129. Suppose -l - 2*b + q = 0, 4*l + 0*b = -2*b + 932. What is the units digit of l?
3
Let s(t) be the first derivative of -2*t**3/3 + 5*t**2/2 + 5*t - 35. Let j be s(3). What is the tens digit of (-9)/6*j*-43 + -3?
2
Let o(t) = 9*t + 118. Let f be o(-11). Suppose 4*z - p = 82, 0 = 2*z - z - p - f. What is the tens digit of z?
2
Let k = -94 + 97. Let v be 1 + -56 + (0 - 1). Let n = k - v. What is the units digit of n?
9
Suppose -g + 5*g - 3 = -x, x - 3 = 3*g. Suppose g*h = h - 544. What is the hundreds digit of h?
5
Suppose s - 4*s = 30. Let r be (-66)/s - (-42)/(-70). Suppose -v + 4*z - r = -2*v, 0 = 4*v - 5*z - 87. What is the tens digit of v?
1
Let g be (-6)/14 - 43658/(-14) - 3. Suppose 6*x - g = 2843. What is the tens digit of x?
9
Suppose -5*u + 0*g - 2*g + 23 = 0, 17 = 3*u + 2*g. Let p = -27 - -175. Suppose -u = -3*o, 0*b - p = -2*b + 2*o. What is the tens digit of b?
7
Let b(z) = 3*z**2 + z. Let q be b(3). Suppose -3*m - 4*c = -q, 3*c + c - 12 = 0. Suppose m*w - 34 = 5*w. What is the units digit of w?
4
What is the units digit of -1461*(5/4 - ((-16445)/60)/(-23))?
4
Suppose -3*l + 7 = -4*i, l + 4*i = 5*i + 2. Let a be (-919)/(-3)*l - 7/21. Suppose -o = -4*o + a. What is the tens digit of o?
0
What is the hundreds digit of 112/3*(-91)/(8190/(-49275))?
4
Let o(d) = d**3 - 4*d**2 + 6*d - 4. Let a be o(3). Suppose 0 = -2*f - 5*k + 1247, 3103 = a*f + 25*k - 27*k. What is the hundreds digit of f?
6
Suppose 15 = 4*t - 5*g - 4, 0 = -3*t - 4*g + 22. Suppose 0 = 2*m + 3*m + 65. What is the units digit of t/(-15)*(m - 2)?
6
Suppose 24*c - 45612 = -2*c + 8*c. What is the units digit of c?
4
Let u = 4329 + -4105. Suppose 2*p - 2*r + 208 = 0, -p - 2*r - 6 = 104. Let q = p + u. What is the units digit of q?
8
Let u be (-62)/(-10) + 3/(-15). Suppose 0*v + 3*v - u = 0. Suppose 5*n + 134 = 2*m, 67 = -m + 2*m - v*n. What is the units digit of m?
7
What is the ten thousands digit of 17459 + 1 - (-171 + 154)?
1
Let f be (1*(-142 - 2))/((-8)/20). Let b(y) = -y**2 - 8*y - 7. Let u be b(-7). Suppose u*a + 6*a = f. What is the tens digit of a?
6
Suppose -2*y - 3*w - 174 = 0, y - w = 5*w - 57. Let c = -141 - -84. Let u = c - y. What is the tens digit of u?
2
Let c(x) = 2*x**2 - 9*x - 952. Let f be c(0). Let l = f + 2219. What is the hundreds digit of l?
2
Suppose -4*i + 4*f = -32, -5*i + 54 = 5*f - 3*f. What is the hundreds digit of 2/(-4) + (24395/i)/7?
3
Suppose 0 = 4*x + 2*x + 462. Let j = x + 166. Let k = -35 + j. What is the units digit of k?
4
Let n(x) = 4*x + 5. Let r(s) = -s**2 + 13*s + 3. Let j be 39*(8/4)/6. Let a be r(j). What is the tens digit of n(a)?
1
Suppose -4*p - 4*y + 125 + 343 = 0, 0 = -3*p + 4*y + 316. Let f = 98 + p. Suppose 2*o - f = 4*j, -2*o + j = 2*j - 205. What is the tens digit of o?
0
Let b = -60772 - -88260. What is the ten thousands digit of b?
2
Suppose 0 = -65*b + 68*b - 9. Suppose 2*u - 2*j = -b*j + 494, -5*j = 0. What is the tens digit of u?
4
Let i(l) = 5*l**2 - 21*l + 17. Let q = -228 - -235. What is the hundreds digit of i(q)?
1
Let m = -41771 + 78642. What is the ten thousands digit of m?
3
Let q be -4*(0 + (-207)/36). Suppose -q*c + 18*c + 4655 = 0. What is the units digit of c?
1
Let d be ((-264)/20)/((-3)/15). Let p = d - -42. Let s = p - 95. What is the tens digit of s?
1
Let p(h) = -10309*h - 1753. What is the units digit of p(-2)?
5
Suppose n + 2 = 5. Suppose 0 = n*c - a - 4*a - 74, c - a - 22 = 0. Let s = 79 - c. What is the units digit of s?
1
Let j(x) = 137*x**2 - 20*x + 112. What is the hundreds digit of j(7)?
6
Suppose -19*v = -23*v + 892. Suppose 0 = -5*c + 357 + v. What is the tens digit of c?
1
Let y be (-1)/(-6) - 114/36 - 594. Let n = y + 198. What is the units digit of (-24)/14*n/6?
4
Let b = 57 - -7. Let k = 70 - b. What is the units digit of -159*5/(-10)*4/k?
3
Suppose -4*q = 3*m - 2222, -m + 3*q = 2*m - 2229. Let n = m - 61. What is the tens digit of n?
8
Suppose -8*m - 132 = -116. What is the units digit of (-373)/(-3) + m/(-3)?
5
Let n(d) = -635*d**3 - 7*d**2 + 14*d + 71. What is the tens digit of n(-3)?
1
Let h = -67 - -70. Suppose 4*o - 4*m - 1292 = -h*m, 2*o = m + 648. What is the tens digit of o?
2
Let b(s) = -15492*s + 8890. What is the ten thousands digit of b(-3)?
5
What is the tens digit of -6*(-3)/(-18)*-6219?
1
Let f(a) be the first derivative of 149/2*a**2 + 5*a - 46. What is the tens digit of f(1)?
5
Suppose 0 = -3*r + 46178 + 3001. What is the tens digit of r?
9
Suppose -5*h = -2*f - 13, -4*f - f + 5*h - 10 = 0. Suppose 4*x - 5 = -f. What is the tens digit of (-16802)/(-217) + (x - (-3)/(-7))?
7
Let y = 24136 - 16542. What is the hundreds digit of y?
5
Let l = 72 + -24. Let p = -456 + 460. Suppose -3*u - l = -p*u + j, 0 = 3*u - 5*j - 148. What is the tens digit of u?
4
Let l(b) = 17*b**2 + 8*b**2 - b**2 - 4*b - 6 - 6*b**2. Let x(u) = 4*u**2 - 2*u + 1. Let n be x(1). What is the hundreds digit of l(n)?
1
Suppose k = 25*q - 29*q + 28969, 2*k = -3*q + 57973. What is the units digit of k?
7
Let a = 95 - 72. Suppose -a*z = -24*z + 4. What is the tens digit of (-258)/z*(0 + 4/(-3))?
8
Let g be (44/8 + -4)*16/12. Suppose -4*p - g*b = -475 - 505, 976 = 4*p + 3*b. What is the tens digit of p?
4
Suppose 2188098 = -49*w + 178*w. What is the thousands digit of w?
6
Let h = 24 + -15. Suppose h*s + 4 = 11*s. What is the tens digit of ((-3)/s)/((-4)/96)?
3
What is the tens digit of (-4)/(-10) + (-2201151)/(-235)?
6
Suppose a + 4926 = 4*z - 4*a, 0 = -2*z + 3*a + 2464. Let x(l) = -z + 45*l**2 + 1229. What is the units digit of x(1)?
5
Let y = -3542 - -5536. Suppose 2*o = -4*d + y, 977 = 2*d + 15*o - 10*o. What is the units digit of d?
1
Let w(z) = -z**3 - 10*z**2 + 13*z + 26. Let m be w(-11). Suppose -m*t - 11*t = -4455. What is the tens digit of t?
9
Let u(m) = 64*m**2 - 85*m + 3. What is the tens digit of u(-5)?
2
Let i = 507 - 478. Let f(k) = 15*k + 36. What is the tens digit of f(i)?
7
Suppose -768 = 6*h - 2*h. Let w = 211 - -114. Let z = w + h. What is the hundreds digit of z?
1
Let p = 49 + -51. Let n be 2740/30 - (-1 + p/(-6)). Suppose 0 = -4*j + n + 32. What is the units digit of j?
1
Let w(b) = 8*b**3 + 9*b**2 + 34*b - 22. Let y be w(-7). Let r = -1073 - y. What is the thousands digit of r?
1
What is the tens digit of 86*(-2 - -163) - 3*-3?
5
Let k = -22056 + 37844. What is the units digit of k?
8
Suppose 84117 = 21*h - 88356. What is the thousands digit of h?
8
Let k = 71 + -65. What is the hundreds digit of (614/k)/(6/18)?
3
Suppose -64*j - 2*w = -59*j - 14252, 0 = 4*j - 2*w - 11434. What is the tens digit of j?
5
Let a(p) = 5*p + 42. Let o be 2/((3 + -2)*8/56). What is the units digit of a(o)?
2
Suppose 587 = -5*u - 233. Let v = u + 204. What is the units digit of v?
0
Let l(o) = -o**2 - 18*o - 21. Suppose 54 = -a 